{"id":1550,"date":"2023-10-14T11:42:23","date_gmt":"2023-10-14T11:42:23","guid":{"rendered":"https:\/\/aurema-group.es\/trabajos\/index.php\/post-a-job\/"},"modified":"2023-10-16T17:59:43","modified_gmt":"2023-10-16T17:59:43","slug":"post-a-job","status":"publish","type":"page","link":"https:\/\/aurema-group.es\/trabajos\/post-a-job\/","title":{"rendered":"Anunciar un trabajo"},"content":{"rendered":"<form action=\"\/trabajos\/wp-json\/wp\/v2\/pages\/1550\" method=\"post\" id=\"submit-job-form\" class=\"job-manager-form\" enctype=\"multipart\/form-data\">\n\n\t\n\t\n\t\n\t\t\t<fieldset class=\"fieldset-login_required\">\n\t\t<label>\u00bfTienes una cuenta?<\/label>\n\t\t<div class=\"field account-sign-in\">\n\t\t\t<a class=\"button\" href=\"https:\/\/aurema-group.es\/trabajos\/my-account\/\">Acceder<\/a>\n\n\t\t\t\n\t\t\t\tSi no tienes una cuenta, puedes crear una a continuaci\u00f3n introduciendo tu direcci\u00f3n de correo electr\u00f3nico o tu nombre de usuario.\t\t\t\t\n\t\t\t\t\t<\/div>\n\t<\/fieldset>\n\t\t\t\t<fieldset class=\"fieldset-create_account_email\">\n\t\t\t\t<label\n\t\t\t\t\tfor=\"create_account_email\">Tu correo electr\u00f3nico<\/label>\n\t\t\t\t<div class=\"field required-field draft-required\">\n\t\t\t\t\t<input type=\"text\" class=\"input-text\" name=\"create_account_email\" id=\"create_account_email\" placeholder=\"tu@tudominio.com\" value=\"\" maxlength=\"\" required \/>\n\t\t\t\t<\/div>\n\t\t\t<\/fieldset>\n\t\t\t\t\t\t<fieldset class=\"fieldset-create_account_password\">\n\t\t\t\t<label\n\t\t\t\t\tfor=\"create_account_password\">Contrase\u00f1a<\/label>\n\t\t\t\t<div class=\"field required-field draft-required\">\n\t\t\t\t\t<input type=\"password\" class=\"input-text\" autocomplete=\"off\" name=\"create_account_password\" id=\"create_account_password\" placeholder=\"\" value=\"\" maxlength=\"\" required \/>\n<small class=\"description\">La contrase\u00f1a debe tener una longitud m\u00ednima de 8 caracteres.<\/small>\t\t\t\t<\/div>\n\t\t\t<\/fieldset>\n\t\t\t\t\t\t<fieldset class=\"fieldset-create_account_password_verify\">\n\t\t\t\t<label\n\t\t\t\t\tfor=\"create_account_password_verify\">Verificar contrase\u00f1a<\/label>\n\t\t\t\t<div class=\"field required-field draft-required\">\n\t\t\t\t\t<input type=\"password\" class=\"input-text\" autocomplete=\"off\" name=\"create_account_password_verify\" id=\"create_account_password_verify\" placeholder=\"\" value=\"\" maxlength=\"\" required \/>\n\t\t\t\t<\/div>\n\t\t\t<\/fieldset>\n\t\t\t\n\t\n\t\n\t\t<!-- Job Information Fields -->\n\t\t\n\t\t\t\t\t<fieldset class=\"fieldset-job_title fieldset-type-text\">\n\t\t\t\t<label for=\"job_title\">T\u00edtulo del trabajo<\/label>\n\t\t\t\t<div class=\"field required-field\">\n\t\t\t\t\t<input type=\"text\" class=\"input-text\" name=\"job_title\" id=\"job_title\" placeholder=\"\" value=\"\" maxlength=\"\" required \/>\n\t\t\t\t<\/div>\n\t\t\t<\/fieldset>\n\t\t\t\t\t<fieldset class=\"fieldset-job_location fieldset-type-text\">\n\t\t\t\t<label for=\"job_location\">Ubicaci\u00f3n <small>(opcional)<\/small><\/label>\n\t\t\t\t<div class=\"field \">\n\t\t\t\t\t<input type=\"text\" class=\"input-text\" name=\"job_location\" id=\"job_location\" placeholder=\"Ejemplo: \u00abMadrid\u00bb\" value=\"\" maxlength=\"\"  \/>\n<small class=\"description\">Dejar en blanco si la ubicaci\u00f3n no es importante<\/small>\t\t\t\t<\/div>\n\t\t\t<\/fieldset>\n\t\t\t\t\t<fieldset class=\"fieldset-application fieldset-type-text\">\n\t\t\t\t<label for=\"application\">Direcci\u00f3n de correo electr\u00f3nico o URL de la solicitud<\/label>\n\t\t\t\t<div class=\"field required-field\">\n\t\t\t\t\t<input type=\"text\" class=\"input-text\" name=\"application\" id=\"application\" placeholder=\"Introduce un correo electr\u00f3nico o la URL de la web\" value=\"\" maxlength=\"\" required \/>\n\t\t\t\t<\/div>\n\t\t\t<\/fieldset>\n\t\t\t\t\t<fieldset class=\"fieldset-job_region fieldset-type-term-select\">\n\t\t\t\t<label for=\"job_region\">\ufeffRegi\u00f3n del puesto<\/label>\n\t\t\t\t<div class=\"field required-field\">\n\t\t\t\t\t<select  name='job_region' id='job_region' class='postform'>\n\t<option value=''>Seleccionar regi\u00f3n<\/option>\n\t<option class=\"level-0\" value=\"90\">Daly City<\/option>\n\t<option class=\"level-0\" value=\"71\">Espa\u00f1a<\/option>\n\t<option class=\"level-0\" value=\"45\">GB<\/option>\n\t<option class=\"level-1\" value=\"51\">&nbsp;&nbsp;&nbsp;London<\/option>\n\t<option class=\"level-0\" value=\"127\">Kansas<\/option>\n\t<option class=\"level-0\" value=\"128\">Manhattan<\/option>\n\t<option class=\"level-0\" value=\"130\">Mountain View<\/option>\n\t<option class=\"level-0\" value=\"52\">New Zealand<\/option>\n\t<option class=\"level-1\" value=\"62\">&nbsp;&nbsp;&nbsp;Wellington<\/option>\n\t<option class=\"level-0\" value=\"97\">Ontario<\/option>\n\t<option class=\"level-0\" value=\"132\">Palo Alto<\/option>\n\t<option class=\"level-0\" value=\"134\">Queens<\/option>\n\t<option class=\"level-0\" value=\"99\">Sacaramento<\/option>\n\t<option class=\"level-0\" value=\"135\">Sacramento<\/option>\n\t<option class=\"level-0\" value=\"137\">San Francisco<\/option>\n\t<option class=\"level-0\" value=\"138\">San Jose<\/option>\n\t<option class=\"level-0\" value=\"101\">Santa Rosa<\/option>\n\t<option class=\"level-0\" value=\"102\">Staten Island<\/option>\n\t<option class=\"level-0\" value=\"104\">Toronto<\/option>\n\t<option class=\"level-0\" value=\"61\">USA<\/option>\n\t<option class=\"level-1\" value=\"66\">&nbsp;&nbsp;&nbsp;Los Angeles<\/option>\n\t<option class=\"level-1\" value=\"67\">&nbsp;&nbsp;&nbsp;New York<\/option>\n<\/select>\n\t\t\t\t<\/div>\n\t\t\t<\/fieldset>\n\t\t\t\t\t<fieldset class=\"fieldset-remote_position fieldset-type-checkbox\">\n\t\t\t\t<label for=\"remote_position\">Puesto en remoto <small>(opcional)<\/small><\/label>\n\t\t\t\t<div class=\"field \">\n\t\t\t\t\t<input type=\"checkbox\" class=\"input-checkbox\" name=\"remote_position\" id=\"remote_position\"  value=\"1\"  \/>\n<small class=\"description\">Selecciona si este es un puesto remoto.<\/small>\t\t\t\t<\/div>\n\t\t\t<\/fieldset>\n\t\t\t\t\t<fieldset class=\"fieldset-job_type fieldset-type-term-multiselect\">\n\t\t\t\t<label for=\"job_type\">Tipo de trabajo<\/label>\n\t\t\t\t<div class=\"field required-field\">\n\t\t\t\t\t<select name='job_type[]' id='job_type' class='job-manager-category-dropdown ' multiple='multiple' data-placeholder='Elige el tipo de trabajo&hellip;' data-no_results_text='No se han encontrado resultados' data-multiple_text='Elige alguna opci\u00f3n'>\n\t<option class=\"level-0\" value=\"5\">Autonomo<\/option>\n\t<option class=\"level-0\" value=\"123\">Freelance<\/option>\n\t<option class=\"level-0\" value=\"124\" selected=\"selected\">Full Time<\/option>\n\t<option class=\"level-0\" value=\"6\">Interno<\/option>\n\t<option class=\"level-0\" value=\"126\">Internship<\/option>\n\t<option class=\"level-0\" value=\"133\">Part Time<\/option>\n\t<option class=\"level-0\" value=\"4\">Temporal<\/option>\n\t<option class=\"level-0\" value=\"141\">Temporary<\/option>\n\t<option class=\"level-0\" value=\"2\">Tiempo completo<\/option>\n\t<option class=\"level-0\" value=\"3\">Tiempo parcial<\/option>\n<\/select>\n\t\t\t\t<\/div>\n\t\t\t<\/fieldset>\n\t\t\t\t\t<fieldset class=\"fieldset-featured_image fieldset-type-file\">\n\t\t\t\t<label for=\"featured_image\">Featured Image <small>(opcional)<\/small><\/label>\n\t\t\t\t<div class=\"field \">\n\t\t\t\t\t\r\n<label for=\"featured_image\" class=\"file-field-label\">\r\n\t<div class=\"job-manager-uploaded-files\">\r\n\t\t<\/div>\r\n\r\n\t<input type=\"file\" class=\"input-text listify-file-upload\" data-file_types=\"jpg|jpeg|gif|png\"  name=\"featured_image\"  id=\"featured_image\" placeholder=\"\" \/>\r\n\r\n\t<span class=\"button button--size-medium\">\r\n\t\t\t\t\tChoose Image\t\t\t<\/span>\r\n<\/label>\r\n\r\n<small class=\"description file-field-description\">\r\n\t\t\tUsed for the Job Spotlight display\t<\/small>\r\n\t\t\t\t<\/div>\n\t\t\t<\/fieldset>\n\t\t\t\t\t<fieldset class=\"fieldset-job_category fieldset-type-term-multiselect\">\n\t\t\t\t<label for=\"job_category\">Categor\u00eda del trabajo<\/label>\n\t\t\t\t<div class=\"field required-field\">\n\t\t\t\t\t<select name='job_category[]' id='job_category' class='job-manager-category-dropdown ' multiple='multiple' data-placeholder='Elige una categor\u00eda&hellip;' data-no_results_text='No se han encontrado resultados' data-multiple_text='Elige alguna opci\u00f3n'>\n\t<option class=\"level-0\" value=\"44\">Comida y restaurantes<\/option>\n\t<option class=\"level-0\" value=\"59\">Deportes<\/option>\n\t<option class=\"level-0\" value=\"92\">Desarrollo<\/option>\n\t<option class=\"level-0\" value=\"121\">Design<\/option>\n\t<option class=\"level-0\" value=\"122\">Development<\/option>\n\t<option class=\"level-0\" value=\"91\">Dise\u00f1o<\/option>\n\t<option class=\"level-0\" value=\"41\">Educaci\u00f3n<\/option>\n\t<option class=\"level-0\" value=\"107\">Empresas<\/option>\n\t<option class=\"level-0\" value=\"46\">Entretenimiento<\/option>\n\t<option class=\"level-0\" value=\"129\">Marketify<\/option>\n\t<option class=\"level-0\" value=\"136\">Sales<\/option>\n\t<option class=\"level-0\" value=\"57\">Tiendas<\/option>\n\t<option class=\"level-0\" value=\"60\">Viajes<\/option>\n<\/select>\n\t\t\t\t<\/div>\n\t\t\t<\/fieldset>\n\t\t\t\t\t<fieldset class=\"fieldset-job_description fieldset-type-wp-editor\">\n\t\t\t\t<label for=\"job_description\">Descripci\u00f3n<\/label>\n\t\t\t\t<div class=\"field required-field\">\n\t\t\t\t\t<div id=\"wp-job_description-wrap\" class=\"wp-core-ui wp-editor-wrap tmce-active\"><link rel='stylesheet' id='dashicons-css' href='https:\/\/aurema-group.es\/trabajos\/wp-includes\/css\/dashicons.min.css?ver=6.7.5' type='text\/css' media='all' \/>\n<link rel='stylesheet' id='editor-buttons-css' href='https:\/\/aurema-group.es\/trabajos\/wp-includes\/css\/editor.min.css?ver=6.7.5' type='text\/css' media='all' \/>\n<style> .mce-top-part button { background-color: rgba(0,0,0,0.0) !important; } <\/style>\n<div id=\"wp-job_description-editor-container\" class=\"wp-editor-container\"><textarea class=\"wp-editor-area\" rows=\"8\" autocomplete=\"off\" cols=\"40\" name=\"job_description\" id=\"job_description\"><\/textarea><\/div>\n<\/div>\n\n\t\t\t\t<\/div>\n\t\t\t<\/fieldset>\n\t\t\t\t\t<fieldset class=\"fieldset-job_schedule_listing fieldset-type-date\">\n\t\t\t\t<label for=\"job_schedule_listing\">Fecha programada <small>(opcional)<\/small><\/label>\n\t\t\t\t<div class=\"field \">\n\t\t\t\t\t<input type=\"text\" class=\"input-date job-manager-datepicker\" name=\"job_schedule_listing\" id=\"job_schedule_listing\" placeholder=\"\" value=\"\"  \/>\n<small class=\"description\">Establece opcionalmente la fecha en la que se publicar\u00e1 este anuncio.<\/small>\t\t\t\t<\/div>\n\t\t\t<\/fieldset>\n\t\t\t\t\t<fieldset class=\"fieldset-job_salary fieldset-type-text\">\n\t\t\t\t<label for=\"job_salary\">Sueldo <small>(opcional)<\/small><\/label>\n\t\t\t\t<div class=\"field \">\n\t\t\t\t\t<input type=\"text\" class=\"input-text\" name=\"job_salary\" id=\"job_salary\" placeholder=\"p.ej. 20000\" value=\"\" maxlength=\"\"  \/>\n\t\t\t\t<\/div>\n\t\t\t<\/fieldset>\n\t\t\t\t\t<fieldset class=\"fieldset-job_salary_currency fieldset-type-text\">\n\t\t\t\t<label for=\"job_salary_currency\">Moneda del sueldo <small>(opcional)<\/small><\/label>\n\t\t\t\t<div class=\"field \">\n\t\t\t\t\t<input type=\"text\" class=\"input-text\" name=\"job_salary_currency\" id=\"job_salary_currency\" placeholder=\"p.ej. \u20ac\" value=\"\" maxlength=\"\"  \/>\n<small class=\"description\">A\u00f1ade una moneda para el sueldo, este campo es opcional. D\u00e9jalo vac\u00edo para usar la moneda del sueldo por defecto.<\/small>\t\t\t\t<\/div>\n\t\t\t<\/fieldset>\n\t\t\t\t\t<fieldset class=\"fieldset-job_salary_unit fieldset-type-select\">\n\t\t\t\t<label for=\"job_salary_unit\">Unidad de sueldo <small>(opcional)<\/small><\/label>\n\t\t\t\t<div class=\"field \">\n\t\t\t\t\t<select name=\"job_salary_unit\" id=\"job_salary_unit\"  autocomplete=\"off\">\n\t\t\t<option value=\"\" >--<\/option>\n\t\t\t<option value=\"YEAR\" >A\u00f1o<\/option>\n\t\t\t<option value=\"MONTH\" >Mes<\/option>\n\t\t\t<option value=\"WEEK\" >Semana<\/option>\n\t\t\t<option value=\"DAY\" >D\u00eda<\/option>\n\t\t\t<option value=\"HOUR\" >Hora<\/option>\n\t<\/select>\n<small class=\"description\">A\u00f1ade una unidad de periodo del sueldo, este campo es opcional. D\u00e9jalo vac\u00edo para usar la unidad de sueldo por defecto, si es que est\u00e1 definida.<\/small>\t\t\t\t<\/div>\n\t\t\t<\/fieldset>\n\t\t\n\t\t\n\t\t<!-- Company Information Fields -->\n\t\t\t\t\t<h2>Detalles de la empresa<\/h2>\n\n\t\t\t\n\t\t\t\t\t\t\t<fieldset class=\"fieldset-company_name fieldset-type-text\">\n\t\t\t\t\t<label for=\"company_name\">Nombre de la empresa<\/label>\n\t\t\t\t\t<div class=\"field required-field\">\n\t\t\t\t\t\t<input type=\"text\" class=\"input-text\" name=\"company_name\" id=\"company_name\" placeholder=\"Introduce el nombre de la empresa\" value=\"\" maxlength=\"\" required \/>\n\t\t\t\t\t<\/div>\n\t\t\t\t<\/fieldset>\n\t\t\t\t\t\t\t<fieldset class=\"fieldset-company_tagline fieldset-type-text\">\n\t\t\t\t\t<label for=\"company_tagline\">Descripci\u00f3n corta <small>(opcional)<\/small><\/label>\n\t\t\t\t\t<div class=\"field \">\n\t\t\t\t\t\t<input type=\"text\" class=\"input-text\" name=\"company_tagline\" id=\"company_tagline\" placeholder=\"Breve descripci\u00f3n de la empresa\" value=\"\" maxlength=\"64\"  \/>\n\t\t\t\t\t<\/div>\n\t\t\t\t<\/fieldset>\n\t\t\t\t\t\t\t<fieldset class=\"fieldset-company_description fieldset-type-wp-editor\">\n\t\t\t\t\t<label for=\"company_description\">Description <small>(opcional)<\/small><\/label>\n\t\t\t\t\t<div class=\"field \">\n\t\t\t\t\t\t<div id=\"wp-company_description-wrap\" class=\"wp-core-ui wp-editor-wrap tmce-active\"><style> .mce-top-part button { background-color: rgba(0,0,0,0.0) !important; } <\/style>\n<div id=\"wp-company_description-editor-container\" class=\"wp-editor-container\"><textarea class=\"wp-editor-area\" rows=\"8\" autocomplete=\"off\" cols=\"40\" name=\"company_description\" id=\"company_description\"><\/textarea><\/div>\n<\/div>\n\n\t\t\t\t\t<\/div>\n\t\t\t\t<\/fieldset>\n\t\t\t\t\t\t\t<fieldset class=\"fieldset-company_video fieldset-type-text\">\n\t\t\t\t\t<label for=\"company_video\">V\u00eddeo <small>(opcional)<\/small><\/label>\n\t\t\t\t\t<div class=\"field \">\n\t\t\t\t\t\t<input type=\"text\" class=\"input-text\" name=\"company_video\" id=\"company_video\" placeholder=\"Un enlace a un v\u00eddeo acerca de tu empresa\" value=\"\" maxlength=\"\"  \/>\n\t\t\t\t\t<\/div>\n\t\t\t\t<\/fieldset>\n\t\t\t\t\t\t\t<fieldset class=\"fieldset-company_website fieldset-type-text\">\n\t\t\t\t\t<label for=\"company_website\">Web <small>(opcional)<\/small><\/label>\n\t\t\t\t\t<div class=\"field \">\n\t\t\t\t\t\t<input type=\"text\" class=\"input-text\" name=\"company_website\" id=\"company_website\" placeholder=\"https:\/\/\" value=\"\" maxlength=\"\"  \/>\n\t\t\t\t\t<\/div>\n\t\t\t\t<\/fieldset>\n\t\t\t\t\t\t\t<fieldset class=\"fieldset-company_facebook fieldset-type-text\">\n\t\t\t\t\t<label for=\"company_facebook\">Facebook username <small>(opcional)<\/small><\/label>\n\t\t\t\t\t<div class=\"field \">\n\t\t\t\t\t\t<input type=\"text\" class=\"input-text\" name=\"company_facebook\" id=\"company_facebook\" placeholder=\"yourcompany\" value=\"\" maxlength=\"\"  \/>\n\t\t\t\t\t<\/div>\n\t\t\t\t<\/fieldset>\n\t\t\t\t\t\t\t<fieldset class=\"fieldset-company_linkedin fieldset-type-text\">\n\t\t\t\t\t<label for=\"company_linkedin\">LinkedIn username <small>(opcional)<\/small><\/label>\n\t\t\t\t\t<div class=\"field \">\n\t\t\t\t\t\t<input type=\"text\" class=\"input-text\" name=\"company_linkedin\" id=\"company_linkedin\" placeholder=\"yourcompany\" value=\"\" maxlength=\"\"  \/>\n\t\t\t\t\t<\/div>\n\t\t\t\t<\/fieldset>\n\t\t\t\t\t\t\t<fieldset class=\"fieldset-company_twitter fieldset-type-text\">\n\t\t\t\t\t<label for=\"company_twitter\">Nombre de usuario en Twitter <small>(opcional)<\/small><\/label>\n\t\t\t\t\t<div class=\"field \">\n\t\t\t\t\t\t<input type=\"text\" class=\"input-text\" name=\"company_twitter\" id=\"company_twitter\" placeholder=\"@tuempresa\" value=\"\" maxlength=\"\"  \/>\n\t\t\t\t\t<\/div>\n\t\t\t\t<\/fieldset>\n\t\t\t\t\t\t\t<fieldset class=\"fieldset-company_logo fieldset-type-file\">\n\t\t\t\t\t<label for=\"company_logo\">Logotipo <small>(opcional)<\/small><\/label>\n\t\t\t\t\t<div class=\"field \">\n\t\t\t\t\t\t\r\n<label for=\"company_logo\" class=\"file-field-label\">\r\n\t<div class=\"job-manager-uploaded-files\">\r\n\t\t<\/div>\r\n\r\n\t<input type=\"file\" class=\"input-text listify-file-upload\" data-file_types=\"jpg|jpeg|gif|png\"  name=\"company_logo\"  id=\"company_logo\" placeholder=\"\" \/>\r\n\r\n\t<span class=\"button button--size-medium\">\r\n\t\t\t\t\tChoose Image\t\t\t<\/span>\r\n<\/label>\r\n\r\n<small class=\"description file-field-description\">\r\n\t\t\tMaximum file size: 3 GB.\t<\/small>\r\n\t\t\t\t\t<\/div>\n\t\t\t\t<\/fieldset>\n\t\t\t\n\t\t\t\t\t\n\t\t\n\t\t<p>\n\t\t\t<input type=\"hidden\" name=\"job_manager_form\" value=\"submit-job\" \/>\n\t\t\t<input type=\"hidden\" name=\"job_id\" value=\"0\" \/>\n\t\t\t<input type=\"hidden\" name=\"step\" value=\"0\" \/>\n\t\t\t<input type=\"submit\" name=\"submit_job\" class=\"button\"\n    \t\t value=\"Previsualizar\" \/>\n\t\t\t<input type=\"submit\" name=\"save_draft\" class=\"button secondary save_draft\" value=\"Guardar borrador\" formnovalidate \/>\t\t\t<span class=\"spinner\" style=\"background-image: url(https:\/\/aurema-group.es\/trabajos\/wp-includes\/images\/spinner.gif);\"><\/span>\n\t\t<\/p>\n\n\t<\/form>\n\n<div style='text-align:center' class='yasr-auto-insert-visitor'><\/div>","protected":false},"excerpt":{"rendered":"","protected":false},"author":1,"featured_media":0,"parent":0,"menu_order":0,"comment_status":"closed","ping_status":"closed","template":"","meta":{"yasr_overall_rating":0,"yasr_post_is_review":"","yasr_auto_insert_disabled":"","yasr_review_type":"","footnotes":""},"class_list":["post-1550","page","type-page","status-publish","hentry"],"yasr_visitor_votes":{"stars_attributes":{"read_only":false,"span_bottom":false},"number_of_votes":4,"sum_votes":20},"_links":{"self":[{"href":"https:\/\/aurema-group.es\/trabajos\/wp-json\/wp\/v2\/pages\/1550","targetHints":{"allow":["GET"]}}],"collection":[{"href":"https:\/\/aurema-group.es\/trabajos\/wp-json\/wp\/v2\/pages"}],"about":[{"href":"https:\/\/aurema-group.es\/trabajos\/wp-json\/wp\/v2\/types\/page"}],"author":[{"embeddable":true,"href":"https:\/\/aurema-group.es\/trabajos\/wp-json\/wp\/v2\/users\/1"}],"replies":[{"embeddable":true,"href":"https:\/\/aurema-group.es\/trabajos\/wp-json\/wp\/v2\/comments?post=1550"}],"version-history":[{"count":2,"href":"https:\/\/aurema-group.es\/trabajos\/wp-json\/wp\/v2\/pages\/1550\/revisions"}],"predecessor-version":[{"id":21347,"href":"https:\/\/aurema-group.es\/trabajos\/wp-json\/wp\/v2\/pages\/1550\/revisions\/21347"}],"wp:attachment":[{"href":"https:\/\/aurema-group.es\/trabajos\/wp-json\/wp\/v2\/media?parent=1550"}],"curies":[{"name":"wp","href":"https:\/\/api.w.org\/{rel}","templated":true}]}}