{"id":21423,"date":"2023-10-16T18:43:33","date_gmt":"2023-10-16T18:43:33","guid":{"rendered":"https:\/\/aurema-group.es\/trabajos\/?page_id=21423"},"modified":"2023-10-16T18:43:55","modified_gmt":"2023-10-16T18:43:55","slug":"sube-tu-video-de-curriculum-vitae","status":"publish","type":"page","link":"https:\/\/aurema-group.es\/trabajos\/sube-tu-video-de-curriculum-vitae\/","title":{"rendered":"Sube tu video de Curriculum Vitae"},"content":{"rendered":"<div class=\"group w-full text-token-text-primary border-b border-black\/10 gizmo:border-0 dark:border-gray-900\/50 gizmo:dark:border-0 gizmo:bg-transparent dark:bg-gray-800 gizmo:dark:bg-transparent\" data-testid=\"conversation-turn-2\">\n<div class=\"p-4 justify-center text-base md:gap-6 md:py-6 m-auto\">\n<div class=\"flex flex-1 gap-4 text-base mx-auto md:gap-6 gizmo:gap-3 gizmo:md:px-5 gizmo:lg:px-1 gizmo:xl:px-5 md:max-w-2xl lg:max-w-[38rem] gizmo:md:max-w-3xl gizmo:lg:max-w-[40rem] gizmo:xl:max-w-[48rem] xl:max-w-3xl }\">\n<div class=\"relative flex w-[calc(100%-50px)] flex-col gizmo:w-full lg:w-[calc(100%-115px)] gizmo:text-gizmo-gray-600 gizmo:dark:text-gray-300\">\n<div class=\"flex-col gap-1 md:gap-3\">\n<div class=\"flex flex-grow flex-col gap-3 max-w-full\">\n<div class=\"min-h-[20px] flex flex-col items-start gap-3 whitespace-pre-wrap break-words overflow-x-auto\">\n<div class=\"\">formas de publicar un video de tu curriculum<\/div>\n<\/div>\n<\/div>\n<div class=\"flex justify-between empty:hidden gizmo:justify-start gizmo:gap-3 lg:block\"><\/div>\n<\/div>\n<\/div>\n<\/div>\n<\/div>\n<\/div>\n<div class=\"group final-completion w-full text-token-text-primary border-b border-black\/10 gizmo:border-0 dark:border-gray-900\/50 gizmo:dark:border-0 bg-gray-50 gizmo:bg-transparent dark:bg-[#444654] gizmo:dark:bg-transparent\" data-testid=\"conversation-turn-3\">\n<div class=\"p-4 justify-center text-base md:gap-6 md:py-6 m-auto\">\n<div class=\"flex flex-1 gap-4 text-base mx-auto md:gap-6 gizmo:gap-3 gizmo:md:px-5 gizmo:lg:px-1 gizmo:xl:px-5 md:max-w-2xl lg:max-w-[38rem] gizmo:md:max-w-3xl gizmo:lg:max-w-[40rem] gizmo:xl:max-w-[48rem] xl:max-w-3xl }\">\n<div class=\"flex-shrink-0 flex flex-col relative items-end\">\n<div>\n<div class=\"relative p-1 rounded-sm h-9 w-9 text-white flex items-center justify-center\"><\/div>\n<\/div>\n<\/div>\n<div class=\"relative flex w-[calc(100%-50px)] flex-col gizmo:w-full lg:w-[calc(100%-115px)] agent-turn\">\n<div class=\"flex-col gap-1 md:gap-3\">\n<div class=\"flex flex-grow flex-col gap-3 max-w-full\">\n<div class=\"min-h-[20px] flex flex-col items-start gap-3 whitespace-pre-wrap break-words overflow-x-auto\">\n<div class=\"markdown prose w-full break-words dark:prose-invert light\">\n<p>Publicar un video de tu curr\u00edculum es una excelente manera de destacarte en tu b\u00fasqueda de empleo y mostrar tu personalidad y habilidades de una manera m\u00e1s din\u00e1mica que un curr\u00edculum en papel. Aqu\u00ed tienes algunas formas de hacerlo:<\/p>\n<p>Recuerda que al publicar tu video de curr\u00edculum, debes asegurarte de que sea profesional y est\u00e9 bien editado. Practica tu presentaci\u00f3n y aseg\u00farate de que refleje tus habilidades, experiencia y personalidad de manera efectiva. Adem\u00e1s, ten en cuenta las pol\u00edticas de privacidad y configuraci\u00f3n de privacidad de las plataformas que elijas para compartir tu video.<\/p>\n<\/div>\n<p>&nbsp;<\/p>\n<\/div>\n<h2><strong><a class=\"row-title\" href=\"https:\/\/aurema-group.es\/trabajos\/anunciar-empleos-y-trabajos-para-profesionales\/\" aria-label=\"\u00abAnunciar Empleos y Trabajos Para profesionales\u00bb (Editar)\">Anunciar Empleos y Trabajos Para profesionales<\/a>\u00a0<\/strong><\/h2>\n<div class=\"min-h-[20px] flex flex-col items-start gap-3 whitespace-pre-wrap break-words overflow-x-auto\">\n<p>&nbsp;<\/p>\n<\/div>\n<\/div>\n<\/div>\n<\/div>\n<\/div>\n<\/div>\n<\/div>\n<div style='text-align:center' class='yasr-auto-insert-visitor'><\/div>","protected":false},"excerpt":{"rendered":"<p>formas de publicar un video de tu curriculum Publicar un video de tu curr\u00edculum es una excelente manera de destacarte en tu b\u00fasqueda de empleo y mostrar tu personalidad y habilidades de una manera m\u00e1s din\u00e1mica que un curr\u00edculum en papel. Aqu\u00ed tienes algunas formas de hacerlo: Recuerda que al publicar tu video de curr\u00edculum,<\/p>\n","protected":false},"author":1,"featured_media":21142,"parent":0,"menu_order":0,"comment_status":"closed","ping_status":"closed","template":"","meta":{"yasr_overall_rating":0,"yasr_post_is_review":"","yasr_auto_insert_disabled":"","yasr_review_type":"","footnotes":""},"class_list":["post-21423","page","type-page","status-publish","has-post-thumbnail","hentry"],"yasr_visitor_votes":{"stars_attributes":{"read_only":false,"span_bottom":false},"number_of_votes":1,"sum_votes":5},"_links":{"self":[{"href":"https:\/\/aurema-group.es\/trabajos\/wp-json\/wp\/v2\/pages\/21423","targetHints":{"allow":["GET"]}}],"collection":[{"href":"https:\/\/aurema-group.es\/trabajos\/wp-json\/wp\/v2\/pages"}],"about":[{"href":"https:\/\/aurema-group.es\/trabajos\/wp-json\/wp\/v2\/types\/page"}],"author":[{"embeddable":true,"href":"https:\/\/aurema-group.es\/trabajos\/wp-json\/wp\/v2\/users\/1"}],"replies":[{"embeddable":true,"href":"https:\/\/aurema-group.es\/trabajos\/wp-json\/wp\/v2\/comments?post=21423"}],"version-history":[{"count":2,"href":"https:\/\/aurema-group.es\/trabajos\/wp-json\/wp\/v2\/pages\/21423\/revisions"}],"predecessor-version":[{"id":21425,"href":"https:\/\/aurema-group.es\/trabajos\/wp-json\/wp\/v2\/pages\/21423\/revisions\/21425"}],"wp:featuredmedia":[{"embeddable":true,"href":"https:\/\/aurema-group.es\/trabajos\/wp-json\/wp\/v2\/media\/21142"}],"wp:attachment":[{"href":"https:\/\/aurema-group.es\/trabajos\/wp-json\/wp\/v2\/media?parent=21423"}],"curies":[{"name":"wp","href":"https:\/\/api.w.org\/{rel}","templated":true}]}}